-62*k - 1. Let s be f(-6). Suppose -2*a + 10 = 0, u + s = 5*u - 5*a. Calculate the highest common divisor of u and 9.
9
Suppose -4*o + 8*o = 140. What is the greatest common divisor of o and 7?
7
Let v(b) = 29*b**2 + 3*b + 2. Let w be v(-1). Suppose -4*k + 40 = -w. What is the greatest common divisor of 153 and k?
17
Let y = 9 - -8. Suppose y + 7 = 4*c. Suppose -b + c*b = 90. Calculate the greatest common divisor of 27 and b.
9
Let o = -152 - -296. Calculate the highest common factor of o and 18.
18
Let b be (2 - -2) + 16/1. Calculate the greatest common divisor of b and 4.
4
Suppose 0 = -7*j + 2 + 19. Let l be ((-1)/(-1) - j) + 20. Let z = 2 - 0. What is the greatest common factor of l and z?
2
Let b be (-2)/(-10) - 12/(-15). Let w be -1*b - (8 + -54). Calculate the highest common factor of w and 18.
9
Let y be 15/3*8/10. Suppose -y*u + 4 = -4. Let p be (15/(-9))/(u/(-36)). Calculate the highest common factor of 20 and p.
10
Let s = 29 - 21. Let w(r) = -2*r**2 - r + 9. Let b be w(6). Let o = b + 141. Calculate the highest common divisor of o and s.
8
Let f(q) = -q + 9. Let x be f(4). Let j(b) be the first derivative of b**3 + 5*b**2/2 + 5*b + 16. Let i be j(x). What is the greatest common factor of 15 and i?
15
Let v(u) = u**3 - 6*u**2 - 11*u - 11. Let k be v(9). What is the greatest common divisor of k and 19?
19
Let b(y) = 51*y**3 - y**2 - 6*y + 6. Let i be b(1). Let t = 36 + -26. What is the highest common divisor of i and t?
10
Let a = -25 - -53. What is the greatest common factor of a and 42?
14
Let b(j) = j**2 - 10*j - 12. Let m be b(-6). Calculate the highest common divisor of 12 and m.
12
Suppose 64 = 4*o + 4*y, -4*o - 5*y + 0*y = -69. What is the highest common divisor of o and 11?
11
Suppose s = 5*l - 2, l + 2*l = -s + 30. Suppose -36 = -3*c - 4*x, -3*c + x = -x - s. What is the highest common factor of c and 1?
1
Suppose -h - 31 - 685 = -2*v, -4*h + 8 = 0. Let d = 543 - v. What is the highest common divisor of 23 and d?
23
Let x(p) = 17*p**2 + p - 2. Let u be x(-2). Let g(w) = 2*w. Let l be g(4). What is the greatest common divisor of l and u?
8
Let g be 2 - (3 + -2) - 1. Suppose g = -5*i - 5*s - 25, 0*i - 3*i - s - 7 = 0. Let q be (418/6)/(i/(-3)). Calculate the greatest common divisor of q and 19.
19
Suppose -a + 47 = -15. Suppose -a = -y + 14. Let b(m) = -m**2 - 19*m - 15. Let k be b(-17). Calculate the greatest common divisor of y and k.
19
Suppose -p + 0*p = -66. What is the highest common factor of 165 and p?
33
Let i be (-1)/(-2)*-1*-32. Let n = -8 + i. Suppose 3*p = 5*h - 46, h + 5*p + 2 = -0*h. What is the greatest common divisor of n and h?
8
Let m be -1 + 9 + (-20)/5. Let p be 8/(3/(m + -1)). Calculate the greatest common factor of 12 and p.
4
Let p be (-4)/1*(-7 - -8). Let h be (-50)/p - (-3)/(-2). Calculate the highest common factor of h and 11.
11
Let n be (-580)/(-18) + (-6)/27. Calculate the greatest common factor of 8 and n.
8
Let z(u) = 4*u - 3. Let k be z(3). Calculate the greatest common factor of 45 and k.
9
Suppose -y - 34 = -42. Calculate the highest common factor of 32 and y.
8
Suppose -2*q = -5*g - 544, -q + 5*g - 816 = -4*q. Calculate the highest common divisor of q and 34.
34
Suppose -2*u + 4*u = 10. Calculate the highest common factor of u and 2.
1
Let p(n) = n - 1. Let w(f) = -5*f - 3. Let i(c) = 4*p(c) - w(c). Let u be i(1). Calculate the greatest common factor of 56 and u.
8
Let t(z) = 4*z**2 - z. Suppose 3 = -0*w - w. Let c be t(w). Let f = 12 - -1. What is the greatest common divisor of c and f?
13
Let v be ((-6)/8)/(8/(-768)). Calculate the highest common factor of v and 8.
8
Let o(f) = f**3 + 5*f**2 + f - 2. Let h be o(-5). Let i(b) = -3*b - 7. Let v be i(h). What is the greatest common divisor of 112 and v?
14
Let g(o) = 26*o**2 - o. Let i be g(3). What is the greatest common divisor of 33 and i?
33
Suppose 3*n + 12 = -2*c - 0*n, -c + 8 = -2*n. Suppose -w - w = c. Suppose w*r = -3*r + 21. Calculate the greatest common divisor of r and 1.
1
Suppose o + 19 = 2*h, o = -h - o + 2. Let m be ((-18)/(-8))/(2/h). What is the greatest common factor of 63 and m?
9
Let q be (0 - -15) + 6 + -6. Suppose -m - 70 = -6*m. Let o = m + 31. What is the greatest common factor of q and o?
15
Suppose -3*x + 1 = -5. Let t be 2 + 7 + (x - 4). Let o = 7 + 28. Calculate the greatest common divisor of o and t.
7
Let i = -19 - -36. Calculate the greatest common factor of i and 170.
17
Suppose -4*k = 3*s - 30, -5*s + 14 = -k - 13. Let z = 21 + -13. Suppose -z = -5*o + 2, -4*g + 42 = 3*o. Calculate the highest common divisor of g and s.
3
Let i be -1*((-3)/(-9))/(2/(-30)). Suppose 10 = 2*t - 4*m, -4*t = -5*t - 3*m - 5. What is the greatest common factor of i and t?
1
Let k(q) = -19*q - 6. Suppose 8 = 5*f - 7*f. Let z be k(f). Calculate the greatest common divisor of z and 10.
10
Suppose 0*y = y - 8. Suppose -6*z = -z - 60. Calculate the greatest common divisor of z and y.
4
Let b(w) = w**3 - 11*w**2 + 11*w - 7. Let s be b(10). Let y be 3/2*-1*-2. Calculate the highest common factor of s and y.
3
Let h = -4 + 6. Suppose -3*y - h*y + 15 = 0. Suppose w = 3 + 3. Calculate the greatest common divisor of y and w.
3
Let z be (-3 + 5)/((-1)/(-2)). Let u be ((-1)/(-2))/(2/z). Let h(b) = 31*b**3 - 2*b**2 + 1. Let p be h(u). What is the highest common factor of 6 and p?
6
Suppose 3 = m - 14. Let o = m + -25. Let y = 19 + o. Calculate the greatest common divisor of y and 55.
11
Suppose 0 = -y + 2*y + 1. Let a = 1 + y. Let p be -2 + (a - (-2 + -2)). Calculate the highest common divisor of 22 and p.
2
Let c(y) = 3*y + 1. Let v be c(5). Let j = v - 4. Let k = 26 + -14. Calculate the greatest common factor of j and k.
12
Let g = -7 + 15. Suppose -32 - g = -4*w. Calculate the highest common divisor of 30 and w.
10
Let d = 30 - 28. Suppose j + 75 = 5*q, -q + 2*j + 17 - d = 0. What is the highest common factor of q and 120?
15
Let l be (-50)/75 - (-110)/3. Suppose -2*z = -0*z - 24. Calculate the highest common factor of l and z.
12
Let m(a) = 2*a**2 - a + 2. Let g be m(2). Let s = g + -5. Suppose -26 = -s*t + 40. What is the greatest common factor of t and 33?
11
Let g(x) = 3*x**3 - 3*x**3 + x**3 + 0*x**3 - x**2 + 176 + x. Let b be g(0). Let a be (-1)/((2/(-1))/32). Calculate the highest common divisor of a and b.
16
Let i be 2/(16/6)*4. Let m(n) = 2*n**2 + 5*n + 3. Let w be m(-3). Let s = -3 + w. What is the greatest common factor of s and i?
3
Suppose -2*h = 5*v + 6, -2*h - 7*v + 3*v - 2 = 0. Let f(n) = n + 0*n + h - 6*n - 2*n. Let i be f(-7). What is the greatest common divisor of 14 and i?
14
Let f = 2 - -3. Suppose 4 = f*k + i, k - 2*i = 2*i + 5. Suppose -2*p = -p - 8. Calculate the greatest common divisor of p and k.
1
Let q(t) = 3*t**2 + 2*t - 1. Let d be q(2). Let a(b) = 18*b - 15. Let o be a(10). What is the highest common factor of o and d?
15
Let r = 20 - -29. Calculate the highest common factor of 7 and r.
7
Let g = -10 + 6. Let v = 1 - g. Calculate the greatest common divisor of v and 35.
5
Let q(c) = -c**3 - 15*c**2 + 34*c + 1. Let l be q(-17). Calculate the greatest common factor of l and 7.
1
Suppose -35 = -4*h + 4*n + 101, -2*h = 2*n - 76. What is the highest common factor of 4 and h?
4
Suppose -4*z - 4*h + 244 = 0, z - 2 - 57 = -2*h. Let k = -41 + z. Suppose 57 + 218 = 5*s. What is the highest common divisor of s and k?
11
Suppose 5*y + 3*o - 7*o = 35, -4*o = 20. Suppose -4 = -3*b + 8. Suppose -r = -b*q + 36, -6*q + q - y*r = -28. Calculate the greatest common factor of q and 12.
4
Let c(b) = b - 5. Let k be c(7). Suppose 5*n + 12 = -k*p, -4*n - 2*p = -5*p + 5. Let v = n + 67. Calculate the greatest common factor of 26 and v.
13
Suppose 7*a - 5*a = 56. Let h be (2/1)/(2/a). What is the highest common divisor of 70 and h?
14
Let p(q) be the third derivative of q**6/60 - q**5/12 + q**4/8 + 2*q**2. Let v be p(4). Calculate the greatest common factor of v and 12.
12
Let j be 27/5 + 4/(-10). Suppose 0*w - 285 = -j*w. What is the highest common factor of w and 38?
19
Let i = 70 + -55. Calculate the greatest common divisor of 195 and i.
15
Let j be 40*-15*9/(-90). Suppose -4*y + x + 28 = -70, x = -2*y + 46. Calculate the greatest common divisor of y and j.
12
Let t be (-20)/(-4)*22/5. Let m = 118 - 63. What is the highest common